(2 + -2)).
2
What is the value of -14 - (-11 - 9) - (3 - -2)?
1
What is the value of 4 - (1 - (3 - 0) - (-20 + 25))?
11
What is the value of -4 + -9 + -2 + 23?
8
What is the value of 2 + 2 - (12 + -21 + 10 - -5)?
-2
What is the value of (8 - 4) + -28 + 1 + 1?
-22
(-17 + 20 - 4) + 11
10
Calculate -27 - (10 - ((-2 - -21) + -29 + 21)).
-26
Calculate 6 - (-1 - (8 - (8 + 4))).
3
What is -12 - ((-10 - (-4 - 12)) + -10)?
-8
What is -3 + -2 + (-9 - (-15 + 9)) + 5?
-3
Evaluate -67 + -33 + 36 + 38.
-26
(2 - -2) + 89 + -96
-3
What is -1 - (-14 - (0 - 5))?
8
Evaluate -48 - (-26 + 21 + -19).
-24
What is the value of 9 + -22 + 12 + -1 + 7?
5
Calculate 22 - 1 - ((-60 - -53) + -12).
40
What is the value of (4 - -8) + -14 - -28?
26
Evaluate 20 + -2 + 3 + (14 - 26).
9
Evaluate 73 - 81 - (5 - -2).
-15
Calculate 2 - (-8 + -5 + -6 + 9) - -2.
14
What is the value of -12 + (14 - 5) - (-7 - 12)?
16
(160 - 168) + (12 - 1)
3
Evaluate 9 + (-1 - (-6 + (9 - 6))).
11
What is the value of -30 + 6 + -1 + 21?
-4
What is -8 - ((9 - 19) + 3)?
-1
What is 162 - 159 - (0 - 9)?
12
-3 + 10 - 9 - -13
11
-9 - -1 - (-13 + (24 - 16))
-3
What is -14 - 0 - (-75 + (-1 - -60))?
2
What is the value of (0 - -3 - (11 - (-1 + 14))) + 13?
18
Calculate 3 + 6 + -1 + 4.
12
Calculate 15 + -1 + 1 + -8 + 6 + 4.
17
(71 - 65) + (0 - (0 + 0)) - 10
-4
Evaluate -6 + 1 + (-7 + 10 - 3).
-5
What is the value of (-2 + 2 - -5) + (-25 - -56) + -58?
-22
What is the value of 2 - ((8 + -8 - -13) + -16)?
5
Calculate -49 + (19 - 7 - -11).
-26
Calculate 11 + (-8 - (-18 + 18)).
3
-1 + -4 + 6 - (16 + (-7 - -1))
-9
Calculate -12 + 26 + -25 - 2.
-13
-3 + 0 + (-26 + 39 - 20 - -25)
15
2 + 3 + -16 + (-4 - -8)
-7
Evaluate 8 - (21 + -24) - -12.
23
What is the value of (-9 + 26 - 3) + 2 + -8?
8
-6 - ((3 - 12) + -8)
11
What is 11 + (5 - -3) + -30 + 22?
11
Calculate -1 - (-12 - (11 + -13)).
9
What is -1 + -6 - ((18 - -2) + -8 + -24)?
5
Evaluate -19 + (1 - 0) + (9 - -26) + -40.
-23
-24 - -20 - (-23 + 41)
-22
23 + (-62 - -36) - (-2 - (-11 + 2))
-10
Evaluate 4 + -6 + (0 - (-8 - 3)).
9
Evaluate 32 + -7 + 2 + 0 + 9 + -13.
23
7 - (5 + -6 + (4 - -2) + -2)
4
What is the value of -44 + (-45 - -35 - -19)?
-35
Calculate (14 - (1 + 8)) + (-8 + 0 - -4).
1
Calculate -1 + 8 - ((-11 - (12 - 25)) + -6).
11
What is the value of 1 - (-5 + 2) - 15?
-11
Evaluate 7 - (54 + -17 + -20).
-10
What is the value of 3716 + -3709 + (-23 - (1 + 0))?
-17
(3 - 0) + -9 + 2
-4
Evaluate (-16 + (0 - -10) - (-1 + 1)) + 8.
2
((12 - -2) + -3 - 16) + 33
28
Calculate 3 - ((-8 - -7) + -4 - (-1 + -3)).
4
What is the value of -5 + (-7 - -3 - 1) - 1?
-11
Evaluate 35 + -3 + 25 + -37 + -3.
17
What is the value of 10 + 0 - (3 - (3 + 5))?
15
What is -2 + 4 + (9 - 20) - -38?
29
-60 + 48 + (15 - 2)
1
Evaluate -12 + 6 - -13 - 15.
-8
-7 - (7 + -3 + -11 - (1 - -6))
7
What is -6 + (-2 + 0 - (-17 + 5))?
4
Evaluate (9 + -8 + 6 - 9 - 23) + 1.
-24
What is 25 + (3 - (-25 - -19) - (11 + -3))?
26
What is the value of 4 + -1 + -12 + 4 + (-2 - 3)?
-10
Evaluate -19 - (0 + 3 + -17).
-5
Evaluate 17 + (12 + -2 - (-58 - -56)).
29
(-8 + 1 - (-33 - -32)) + 10
4
What is -22 + 13 + (-6 - -9)?
-6
What is the value of (-2 - -22) + (21 - 59)?
-18
What is 11 + (4 + -2 - 4) - 3?
6
What is 8 - (29 - (22 + -38))?
-37
Calculate 31 - 21 - (-1 + 7 + 5).
-1
Evaluate (45 - 23 - (3 - 4)) + -2.
21
What is the value of 0 + 13 - (31 + (84 - 79))?
-23
5 + -1 - (-27 + -38 - -50)
19
Calculate 23 - (-3 + 14 + -23 + 9).
26
Evaluate (6 - 17) + 19 - 13.
-5
Evaluate -3 + 2 + (-8 - -4) + -70 + 68.
-7
-41 + 17 + 43 + 3
22
Evaluate 6 - 1 - (2 + -3 - -6).
0
Calculate (-22 - -11) + 7 + 8.
4
Evaluate (15 - (-14 + 38)) + (18 - 1) - 3.
5
Calculate 10 + -24 + 0 + 15.
1
Evaluate 7 - (-3 + 32 - (-2 - 2)) - -8.
-18
Evaluate -5 - -6 - (11 - (2 - -1)).
-7
What is 13 - (14 + (-7 - 0))?
6
What is the value of (2 + 1 - 1) + (-48 - (7 - 36))?
-17
What is the value of 5 + -2 + 3 + 11 + -7 + 0?
10
What is 13 + (5 - 25) - (-8 - (0 - 0))?
1
What is (304 - 294) + (1 - 9)?
2
Evaluate 1 + 5 + (38 - -24 - 62).
6
Evaluate 6 + -1 - ((156 - 147) + (-9 - -1)).
4
What is 4 + (2 - (1 - -1)) - 3 - -6?
7
Evaluate 6 + -3 + (-12 - -13).
4
Evaluate (-122 - -118) + (1 - -17).
14
Evaluate 17 + -5 + (-1 - (-3 + 1)).
13
What is the value of 11 + 3 + 15 + -10 + -2?
17
What is (-2 - (0 + 6 - 0)) + 4 + -3?
-7
-61 + 57 - (1 - 3)
-2
Evaluate 1 - (-1 - (-1 - 0 - (-11 + 4))).
8
-2 - (0 + 2) - (37 - 44)
3
What is the value of -56 + 43 - (-19 + (-3 - -2))?
7
34 + -2 + -48 + 12
-4
What is the value of -17 - (106 - 106 - ((2 - -3) + -2))?
-14
Evaluate -8 - (-23 + 16 + -15 + -2).
16
Calculate (-22 + 12 - -24) + -31.
-17
Calculate -54 - (-20 + -1 + -9).
-24
-9 + -5 - 6 - -4 - -8
-8
What is -2 + 6 + -15 + -12 + 30?
7
What is (-14 - (4 - 10) - (-30 - 5)) + -5?
22
Calculate -36 - (20 + (-16 - 25)).
-15
What is -20 + -1 + (-5 - 1) + -3 + 16?
-14
Evaluate (7 - ((-3 - 1) + (14 - 12))) + 11.
20
Calculate 0 + 2 + -2 + 17 + -4 + -10.
3
What is the value of -15 + (-3 - -8) + 3 + 6?
-1
What is the value of 258 + -266 - (-10 + 2)?
0
What is -20 + 38 - ((0 - 9) + 11 + -4)?
20
-8 + ((-14 - -16) + -2 + -4 - 0)
-12
Evaluate 0 + -4 + (-9 - (-2 - 0)) + 6.
-5
Calculate (-31 - -26) + 13 + 2 + -3 + 3.
10
What is the value of -38 + -11 + 16 + 28?
-5
Evaluate -4 - 4 - (-6 + -20 + 9).
9
What is -5 + (1 - 9) + 6 + 3?
-4
What is -3 - (-6 + (-4 - (-5 - 4)))?
-2
Calculate (-25 - -4) + (-3 - (18 + -27)).
-15
Evaluate (9 - 0) + -10 + (0 - -6).
5
Calculate -15 - ((22 - 63) + 14).
12
(5 - 6 - 5 - -4) + -13 - 10
-25
Evaluate 37 + (44 - 45 - 6).
30
What is 0 + -5 - -17 - (8 - 15)?
19
What is -7 + (5 - 0 - -7) + -5?
0
What is the value of 17 + -23 - (-12 + 8 + (13 - -1))?
-16
What is the value of 14 + (5 - 8) + -12 + 9?
8
Calculate 12 + 7 + -7 + -24 - -11.
-1
What is the value of -14 + (3 - 19) + 20?
-10
Evaluate -35 + 27 + -2 + 28.
18
What is 2 + -5 + 0 + 93 + -84?
6
What is 3 + -7 - -15 - (24 + -31)?
18
What is 10 + 0 + (-105 - -53 - -43)?
1
Calculate 6 - (10 + 58 + -16 - (16 - 4)).
-34
What is -10 + 2 + -3 - -20?
9
What is -10 + 1 - (-8 - (11 + -2))?
8
Calculate (27 - 19) + (-2 - (-11 + 8)).
9
-3 + -23 - (-249 - -251)
-28
Calculate -12 - (-18 + (23 - 18)).
1
10 + (2 - (5 - (-11 - -13))) + -4
5
Evaluate (-35 - -52 - 24) + 11.
4
-8 + (24 + -39 - -24 - (2 - 2))
1
What is the value of 34 + -44 + 26 + -3?
13
-1 + 39 + 210 + -247
1
(9 - (2 + 4 + 1)) + 9 + -1
10
Calculate -18 + 32 + -9 + -5 + 0.
0
(-6 - (-9 - (13 - 10) - -9)) + 14
11
1 - -13 - ((-24 - -35) + -5)
8
8 - ((13 - 19 - -11) + 20)
-17
What is the value of 2 - -12 - (95 - 95)?
14
(-10 + 8 + 10 - 6) + -2 + 14
14
Calculate (18 - 23) + -1 + (-1 - -1).
-6
What is 92 - 72 - (0 + 8)?
12
Calculate -13 - (1 - 29) - 22.
-7
(2666 - 2654) + (0 - -1) + -50
-37
Calculate ((-5 - -17) + -7 - (4 + 2)) + 8.
7
What is the value of -12 - -23 - (3 + 0 - 6)?
14
13 + (28 + -12 - 8 - 3)
18
-13 - (-13 - 0 - -10) - -6 - -20
16
Evaluate 29 - (23 + (-27 - -15)).
18
What is the value of -66 - -83 - (-8 - -4 - -17)?
4
What is 23 + (20 - (0 + 16) - 20)?
7
-7 - (-6 + 0 - (7 + -23 - -7))
-10
-5 - (8 - (14 + 13))
14
Calculate (4 - -12 - 5) + -2 + -5.
4
(0 - (-1 + -5)) + (2 - -4 - 9)
3
Evaluate -4 + 1 - (39 - 40) - -3.
1
-1 - (-2 + -6 - -13)
-6
(3 - (4 - -5)) + -2 + (-8 - -1)
-15
What is 10 + -2 - (8 + -4 + 7)?
-3
Calculate 46 - (50 - (-1 - -19)).
14
Calculate 40 + -46 + (-5 - (-3 - (0 - -21))).
13
Evaluate (-12 - -2) + -26 + 2 - -16.
-18
Evaluate (2 - -7) + 0 - (-11 + 8 + 8).
4
Calculate 0 + (-7 - -21 - 16) - -3.
1
Evaluate -3 + 8 + (-10 - (-2 - 18)).
15
What is the value of -7 - (-2 + (2 - 1)) - (339 + -361)?
16
Calculate 0 - (4 + -5 + 4 - (21 + 18)).
36
What is the value of -15 - (6 - (2 - 3) - (-7 + 20))?
-9
(1 - 2) + 4 + (-18 + 15 - 10)
-10
Calculate -11 + (46 - 36) + (8 - -1).
8
-17 - -8 - (-10 - (-6 + 2))
-3
Calculate -4 - (-13 + (3 - 8 - 4)).
18
What is -12 + 9 + 5 + 0?
2
What is (46 + -6 - 1) + -10 + 9 + -7?
31
What is the value of (8 - -13) + 1 + -7 + 1?
16
What is the value of -26 + 47 + -4 + -12?
5
Evaluate (-9 - (1 + -14)) + 1 + -3.
2
Evaluate (21 - 2 - 22) + -4.
-7
Calculate -28 + -31 + 24 + 14 + (0 - -10).
-11
Calculate -3 + (-10 - (-3 - 2) - -7).
-1
What is (1 - 1) + -198 + 196?
-2
What is the value of (-11 - (0 - (-9 + 10))) + -2?
-12
Calculate 12 + -5 - (-41 + 51 + (2 